{"id":4,"date":"2013-03-02T20:43:25","date_gmt":"2013-03-02T19:43:25","guid":{"rendered":"http:\/\/www.archersdudrac.fr\/archers_WP\/?p=4"},"modified":"2016-08-04T13:46:45","modified_gmt":"2016-08-04T12:46:45","slug":"le-mot-du-president-1ere-compagnie-asf-les-archers-du-drac","status":"publish","type":"page","link":"https:\/\/www.archersdudrac.fr\/archers_WP\/le-mot-du-president-1ere-compagnie-asf-les-archers-du-drac\/","title":{"rendered":"Le Mot du Pr\u00e9sident"},"content":{"rendered":"<div>\n<p align=\"CENTER\"><strong><span style=\"color: #333333;\"><span style=\"font-size: x-large;\">Archers, je vous salue !<\/span><\/span><\/strong><\/p>\n<h6 class=\"western\" align=\"CENTER\"><span style=\"color: #333333;\"><span style=\"font-family: arial,helvetica,sans-serif;\"><span style=\"font-size: medium;\">Le <\/span><\/span><\/span><strong><span style=\"color: #333333;\"><span style=\"font-family: arial,helvetica,sans-serif;\"><span style=\"font-size: medium;\">Tir \u00e0 l\u2019Arc<\/span><\/span><\/span><\/strong><span style=\"color: #333333;\"><span style=\"font-family: arial,helvetica,sans-serif;\"><span style=\"font-size: medium;\"> n\u2019est pas un sport comme les autres.<br \/>\nIl peut \u00eatre pratiquer comme simple loisir<br \/>\nou en comp\u00e9tition de haut niveau. <\/span><\/span><\/span><\/h6>\n<h6 class=\"western\" align=\"CENTER\"><span style=\"color: #333333;\"><span style=\"font-family: arial,helvetica,sans-serif;\"><span style=\"font-size: medium;\">H\u00e9riti\u00e8re des <\/span><\/span><\/span><strong><span style=\"color: #333333;\"><span style=\"font-family: arial,helvetica,sans-serif;\"><span style=\"font-size: medium;\">Compagnies des \u00ab\u00a0Francs Archers\u00a0\u00bb<\/span><\/span><\/span><\/strong><span style=\"color: #333333;\"><span style=\"font-family: arial,helvetica,sans-serif;\"><span style=\"font-size: medium;\"> du Moyen-\u00e2ge,<br \/>\nla <\/span><\/span><\/span><strong><span style=\"color: #333333;\"><span style=\"font-family: arial,helvetica,sans-serif;\"><span style=\"font-size: medium;\">Compagnie des Archers Archers du Drac de Fontaine<\/span><\/span><\/span><\/strong><span style=\"color: #333333;\"><span style=\"font-family: arial,helvetica,sans-serif;\"><span style=\"font-size: medium;\"><br \/>\nest avant tout une association sportive civile,<br \/>\nsans but lucratif , ni politique, ni religieux. <\/span><\/span><\/span><\/h6>\n<h6 class=\"western\" align=\"CENTER\"><span style=\"color: #333333;\"><span style=\"font-family: arial,helvetica,sans-serif;\"><span style=\"font-size: medium;\">La <\/span><\/span><\/span><strong><span style=\"color: #333333;\"><span style=\"font-family: arial,helvetica,sans-serif;\"><span style=\"font-size: medium;\">Compagnie des Archers du Drac de Fontaine <\/span><\/span><\/span><\/strong><span style=\"color: #333333;\"><span style=\"font-family: arial,helvetica,sans-serif;\"><span style=\"font-size: medium;\"><br \/>\nest affili\u00e9e \u00e0 la <\/span><\/span><\/span><strong><span style=\"color: #333333;\"><span style=\"font-family: arial,helvetica,sans-serif;\"><span style=\"font-size: medium;\">F\u00e9d\u00e9ration Fran\u00e7aise de Tir \u00e0 l&rsquo;Arc<\/span><\/span><\/span><\/strong><span style=\"color: #333333;\"><span style=\"font-family: arial,helvetica,sans-serif;\"><span style=\"font-size: medium;\"><br \/>\net aux institutions qui en d\u00e9pendent,<br \/>\nainsi qu\u2019\u00e0 la <\/span><\/span><\/span><strong><span style=\"color: #333333;\"><span style=\"font-family: arial,helvetica,sans-serif;\"><span style=\"font-size: medium;\">R<\/span><\/span><\/span><\/strong><span style=\"color: #333333;\"><span style=\"font-family: arial,helvetica,sans-serif;\"><span style=\"font-size: medium;\">onde <\/span><\/span><\/span><strong><span style=\"color: #333333;\"><span style=\"font-family: arial,helvetica,sans-serif;\"><span style=\"font-size: medium;\">R<\/span><\/span><\/span><\/strong><span style=\"color: #333333;\"><span style=\"font-family: arial,helvetica,sans-serif;\"><span style=\"font-size: medium;\">h\u00f4ne-<\/span><\/span><\/span><strong><span style=\"color: #333333;\"><span style=\"font-family: arial,helvetica,sans-serif;\"><span style=\"font-size: medium;\">A<\/span><\/span><\/span><\/strong><span style=\"color: #333333;\"><span style=\"font-family: arial,helvetica,sans-serif;\"><span style=\"font-size: medium;\">lpes des <\/span><\/span><\/span><strong><span style=\"color: #333333;\"><span style=\"font-family: arial,helvetica,sans-serif;\"><span style=\"font-size: medium;\">C<\/span><\/span><\/span><\/strong><span style=\"color: #333333;\"><span style=\"font-family: arial,helvetica,sans-serif;\"><span style=\"font-size: medium;\">hevaliers d\u2019<\/span><\/span><\/span><strong><span style=\"color: #333333;\"><span style=\"font-family: arial,helvetica,sans-serif;\"><span style=\"font-size: medium;\">A<\/span><\/span><\/span><\/strong><span style=\"color: #333333;\"><span style=\"font-family: arial,helvetica,sans-serif;\"><span style=\"font-size: medium;\">rc.<\/span><\/span><\/span><\/h6>\n<p align=\"CENTER\"><strong><span style=\"color: #333333;\"><span style=\"font-size: large;\">Honneur et Courtoisie.<\/span><\/span><\/strong><\/p>\n<h5 class=\"western\" align=\"CENTER\"><span style=\"font-size: medium;\">le Capitaine-Pr\u00e9sident<\/span><\/h5>\n<p align=\"CENTER\"><em><span style=\"color: #333333;\"><b>CHAMPAVIER Gabriel<\/b><\/span><\/em><em><span style=\"color: #333333;\"><span style=\"font-size: medium;\"> \u00a0<\/span><\/span><\/em> <img loading=\"lazy\" decoding=\"async\" src=\"http:\/\/archerslasure.free.fr\/images\/epinglette.jpg\" width=\"30\" height=\"19\" name=\"images1\" align=\"BOTTOM\" border=\"0\" \/><\/p>\n<\/div>\n","protected":false},"excerpt":{"rendered":"<p>Archers, je vous salue ! Le Tir \u00e0 l\u2019Arc n\u2019est pas un sport comme les autres. Il peut \u00eatre pratiquer comme simple loisir ou en comp\u00e9tition de haut niveau. H\u00e9riti\u00e8re des Compagnies des \u00ab\u00a0Francs Archers\u00a0\u00bb du Moyen-\u00e2ge, la Compagnie des &hellip; <a href=\"https:\/\/www.archersdudrac.fr\/archers_WP\/le-mot-du-president-1ere-compagnie-asf-les-archers-du-drac\/\">Continue reading <span class=\"meta-nav\">&rarr;<\/span><\/a><\/p>\n","protected":false},"author":1,"featured_media":0,"parent":0,"menu_order":0,"comment_status":"closed","ping_status":"closed","template":"","meta":{"footnotes":"","_links_to":"","_links_to_target":""},"categories":[2],"tags":[],"_links":{"self":[{"href":"https:\/\/www.archersdudrac.fr\/archers_WP\/wp-json\/wp\/v2\/pages\/4"}],"collection":[{"href":"https:\/\/www.archersdudrac.fr\/archers_WP\/wp-json\/wp\/v2\/pages"}],"about":[{"href":"https:\/\/www.archersdudrac.fr\/archers_WP\/wp-json\/wp\/v2\/types\/page"}],"author":[{"embeddable":true,"href":"https:\/\/www.archersdudrac.fr\/archers_WP\/wp-json\/wp\/v2\/users\/1"}],"replies":[{"embeddable":true,"href":"https:\/\/www.archersdudrac.fr\/archers_WP\/wp-json\/wp\/v2\/comments?post=4"}],"version-history":[{"count":6,"href":"https:\/\/www.archersdudrac.fr\/archers_WP\/wp-json\/wp\/v2\/pages\/4\/revisions"}],"predecessor-version":[{"id":703,"href":"https:\/\/www.archersdudrac.fr\/archers_WP\/wp-json\/wp\/v2\/pages\/4\/revisions\/703"}],"wp:attachment":[{"href":"https:\/\/www.archersdudrac.fr\/archers_WP\/wp-json\/wp\/v2\/media?parent=4"}],"wp:term":[{"taxonomy":"category","embeddable":true,"href":"https:\/\/www.archersdudrac.fr\/archers_WP\/wp-json\/wp\/v2\/categories?post=4"},{"taxonomy":"post_tag","embeddable":true,"href":"https:\/\/www.archersdudrac.fr\/archers_WP\/wp-json\/wp\/v2\/tags?post=4"}],"curies":[{"name":"wp","href":"https:\/\/api.w.org\/{rel}","templated":true}]}}